{"id":2,"date":"2016-05-10T03:48:21","date_gmt":"2016-05-10T03:48:21","guid":{"rendered":"http:\/\/wp452m.a10-52-158-154.qa.plesk.ru\/wordpress\/?page_id=2"},"modified":"2025-07-27T15:09:08","modified_gmt":"2025-07-27T15:09:08","slug":"sample-page","status":"publish","type":"page","link":"https:\/\/lucbadminton.ch\/","title":{"rendered":"Bienvenue sur le site du LUC Badminton !"},"content":{"rendered":"\n<p class=\"has-black-color has-text-color has-link-color wp-elements-cf148f425b6aa185b41aa5435f21abbd\">Bienvenue sur le site du Lausanne Universit\u00e9 Club Badminton (LUC Badminton)!<\/p>\n\n\n\n<p class=\"has-black-color has-text-color has-link-color wp-elements-82292f3be339cf5ae606025a012bfb32\">Notre association accueille et regroupe des membres passionn\u00e9s par le badminton et d\u00e9sireux de pouvoir partager ensemble la pratique de sport. Notre ambition vise \u00e0 promouvoir et \u00e0 offrir un cadre et un environnement pour sa pratique qui conviendra \u00e0 tout type de niveau. Joueur exp\u00e9riment\u00e9 de haut niveau en comp\u00e9tition ou simple joueur souhaitant s&rsquo;amuser en toute simplicit\u00e9, nous mettons tous nos efforts \u00e0 contribution pour offrir une formule qui puisse convenir \u00e0 tout type de pratique.<\/p>\n\n\n\n<p class=\"has-black-color has-text-color has-link-color wp-elements-b6b28b4767a30d7bab4c172b7f62c952\">Nous agissons principalement au sein de la communaut\u00e9 universitaire qui nous accueille au sein de sa communaut\u00e9 d&rsquo;associations sportives. \u00c9tudiants et collaborateurs de la communaut\u00e9 UNIL\/EPFL pourront nous rejoindre \u00e0 tarif pr\u00e9f\u00e9rentiel. Cependant, toute personne partageant cette passion pour ce sport, et d\u00e9sireuse de nous rejoindre, sera accept\u00e9e en tant que membre.<\/p>\n\n\n\n<p class=\"has-black-color has-text-color has-link-color wp-elements-b27ad600a1b7dde8ff21ac97685103cc\">Le badminton constitue la th\u00e9matique centrale qui regroupe ensemble tous les membres de notre club. Cependant, le partage ne se limite pas uniquement \u00e0 la pratique de ce sport. Afin de promouvoir encore plus ce partage entre les membres, notre association propose des activit\u00e9s pour ses membres tout au long de l&rsquo;ann\u00e9e.<\/p>\n\n\n\n<p class=\"has-black-color has-text-color has-link-color wp-elements-d5921fd2e585084c6486757e6120f470\"><strong>Int\u00e9ress\u00e9.e \u00e0 rejoindre le LUC ?<\/strong> Rendez-vous dans la rubrique <a href=\"https:\/\/lucbadminton.ch\/?page_id=2225\">Nous Rejoindre<\/a><\/p>\n\n\n\n<p class=\"has-black-color has-text-color has-link-color wp-elements-c80d485b606af7ee0c6e91edcbb221d3\"><strong>Pour tout autre information, <\/strong>rendez-vous dans la rubrique <a href=\"https:\/\/lucbadminton.ch\/?page_id=2230\">Nous Contacter<\/a><\/p>\n\n\n\n<p class=\"has-black-color has-text-color has-link-color wp-elements-9ac00cf961d1ea846fe5a532228b76c6\"><\/p>\n\n\n\n<p class=\"has-black-color has-text-color has-link-color wp-elements-9ac00cf961d1ea846fe5a532228b76c6\"><\/p>\n","protected":false},"excerpt":{"rendered":"<p>Bienvenue sur le site du Lausanne Universit\u00e9 Club Badminton (LUC Badminton)! Notre association accueille et regroupe des membres passionn\u00e9s par le badminton et d\u00e9sireux de pouvoir partager ensemble la pratique de sport. Notre ambition vise \u00e0 promouvoir et \u00e0 offrir un cadre et un environnement pour sa pratique qui conviendra \u00e0 tout type de niveau. [&hellip;]<\/p>\n","protected":false},"author":1,"featured_media":0,"parent":0,"menu_order":0,"comment_status":"closed","ping_status":"closed","template":"page-templates\/full-width.php","meta":{"footnotes":""},"class_list":["post-2","page","type-page","status-publish","hentry"],"_links":{"self":[{"href":"https:\/\/lucbadminton.ch\/index.php?rest_route=\/wp\/v2\/pages\/2","targetHints":{"allow":["GET"]}}],"collection":[{"href":"https:\/\/lucbadminton.ch\/index.php?rest_route=\/wp\/v2\/pages"}],"about":[{"href":"https:\/\/lucbadminton.ch\/index.php?rest_route=\/wp\/v2\/types\/page"}],"author":[{"embeddable":true,"href":"https:\/\/lucbadminton.ch\/index.php?rest_route=\/wp\/v2\/users\/1"}],"replies":[{"embeddable":true,"href":"https:\/\/lucbadminton.ch\/index.php?rest_route=%2Fwp%2Fv2%2Fcomments&post=2"}],"version-history":[{"count":62,"href":"https:\/\/lucbadminton.ch\/index.php?rest_route=\/wp\/v2\/pages\/2\/revisions"}],"predecessor-version":[{"id":3505,"href":"https:\/\/lucbadminton.ch\/index.php?rest_route=\/wp\/v2\/pages\/2\/revisions\/3505"}],"wp:attachment":[{"href":"https:\/\/lucbadminton.ch\/index.php?rest_route=%2Fwp%2Fv2%2Fmedia&parent=2"}],"curies":[{"name":"wp","href":"https:\/\/api.w.org\/{rel}","templated":true}]}}